ors of 392730150.
2, 3, 5, 353, 7417
What are the prime factors of 192064035?
3, 5, 12804269
What are the prime factors of 49367010?
2, 3, 5, 7, 11, 43, 71
List the prime factors of 111762541.
11, 19, 661, 809
What are the prime factors of 233027908?
2, 17, 431, 7951
List the prime factors of 4710308302.
2, 7, 336450593
List the prime factors of 98394398.
2, 281, 175079
List the prime factors of 362642276.
2, 331, 273899
What are the prime factors of 280501266?
2, 3, 46750211
What are the prime factors of 96444656?
2, 7, 11, 78283
List the prime factors of 20327538.
2, 3, 7, 11, 23, 1913
List the prime factors of 189719613.
3, 3559, 5923
List the prime factors of 260725119.
3, 2879, 30187
What are the prime factors of 40992710?
2, 5, 11, 372661
What are the prime factors of 1306273403?
293, 929, 4799
List the prime factors of 134460871.
17, 43, 419, 439
What are the prime factors of 422938739?
41, 211, 48889
What are the prime factors of 2813291772?
2, 3, 19, 649421
What are the prime factors of 563341196?
2, 11, 103, 124303
What are the prime factors of 64871208?
2, 3, 59, 15271
List the prime factors of 1225761345.
3, 5, 19, 37, 38747
List the prime factors of 2307547178.
2, 53, 21769313
What are the prime factors of 3022079936?
2, 17, 109, 1499
What are the prime factors of 56785256?
2, 11, 127, 5081
List the prime factors of 157382430.
2, 3, 5, 17, 421, 733
List the prime factors of 175822071.
3, 58607357
What are the prime factors of 393463975?
5, 43, 366013
List the prime factors of 71538371.
47, 79, 19267
What are the prime factors of 310671620?
2, 5, 7, 2219083
What are the prime factors of 5404556552?
2, 37, 18258637
What are the prime factors of 85735891?
85735891
List the prime factors of 1118684.
2, 7, 39953
What are the prime factors of 88456780?
2, 5, 17, 19, 13693
What are the prime factors of 87788139?
3, 673, 43481
List the prime factors of 9923415.
3, 5, 19, 34819
List the prime factors of 169788529.
1279, 132751
What are the prime factors of 2349373000?
2, 5, 13, 127, 1423
List the prime factors of 137922489.
3, 113, 135617
What are the prime factors of 1267596404?
2, 5939, 53359
What are the prime factors of 57279305?
5, 61, 67, 2803
What are the prime factors of 1104458371?
1104458371
What are the prime factors of 443123619?
3, 53, 1279, 2179
List the prime factors of 107977888.
2, 101, 33409
List the prime factors of 192709463.
809, 238207
List the prime factors of 11811900.
2, 3, 5, 39373
List the prime factors of 198776930.
2, 5, 11, 1807063
List the prime factors of 225065008.
2, 7, 2009509
List the prime factors of 208860815.
5, 23, 359, 5059
List the prime factors of 220145808.
2, 3, 73, 62827
List the prime factors of 1036205539.
17, 60953267
What are the prime factors of 429216146?
2, 214608073
List the prime factors of 46404725.
5, 421, 4409
List the prime factors of 368204511.
3, 113, 1086149
List the prime factors of 3841109708.
2, 313, 3067979
What are the prime factors of 6788579?
7, 969797
What are the prime factors of 2717503090?
2, 5, 31, 2293, 3823
What are the prime factors of 236900698?
2, 31, 61, 62639
List the prime factors of 2618740621.
7, 374105803
What are the prime factors of 1013808585?
3, 5, 67587239
What are the prime factors of 67064979?
3, 37, 604189
List the prime factors of 1080502256.
2, 2011, 33581
What are the prime factors of 243743830?
2, 5, 11, 2215853
What are the prime factors of 268286192?
2, 29, 578203
List the prime factors of 186416127.
3, 23, 300187
List the prime factors of 67141460.
2, 5, 53, 97, 653
List the prime factors of 3953674422.
2, 3, 67, 1092779
List the prime factors of 123231987.
3, 13692443
List the prime factors of 40897220.
2, 5, 7, 13, 23, 977
List the prime factors of 88948347.
3, 269, 110221
What are the prime factors of 475490164?
2, 47, 349, 7247
List the prime factors of 21028387.
21028387
What are the prime factors of 597488900?
2, 5, 41, 61, 2389
What are the prime factors of 2828784527?
13781, 205267
What are the prime factors of 883834891?
431, 911, 2251
List the prime factors of 2473351078.
2, 11, 10220459
List the prime factors of 64302681.
3, 21434227
What are the prime factors of 1402072?
2, 7, 25037
List the prime factors of 135085800.
2, 3, 5, 225143
What are the prime factors of 81542480?
2, 5, 1019281
What are the prime factors of 56021172?
2, 3, 4668431
What are the prime factors of 9167605?
5, 1833521
List the prime factors of 124253854.
2, 397, 156491
List the prime factors of 489279375.
3, 5, 13, 6691
List the prime factors of 6652181.
6652181
What are the prime factors of 43720120?
2, 5, 233, 4691
List the prime factors of 213850405.
5, 179, 238939
What are the prime factors of 554904171?
3, 73, 844603
What are the prime factors of 20877027?
3, 271, 25679
List the prime factors of 272952405.
3, 5, 11, 50129
What are the prime factors of 1652600821?
17, 97211813
List the prime factors of 164066723.
101, 1624423
What are the prime factors of 111631789?
499, 223711
List the prime factors of 12530744.
2, 1566343
What are the prime factors of 1646488390?
2, 5, 164648839
List the prime factors of 19216322.
2, 313, 30697
List the prime factors of 62092846.
2, 31046423
List the prime factors of 605703044.
2, 3739, 40499
What are the prime factors of 358376216?
2, 11, 4072457
What are the prime factors of 425001766?
2, 7, 19, 43, 73, 509
What are the prime factors of 627432140?
2, 5, 47, 503, 1327
What are the prime factors of 998922548?
2, 13, 31, 157, 3947
What are the prime factors of 889948219?
889948219
What are the prime factors of 38359067?
41, 935587
List the prime factors of 57384851.
57384851
List the prime factors of 113269305.
3, 5, 7551287
What are the prime factors of 401698459?
29, 937, 14783
What are the prime factors of 166379989?
29, 5737241
What are the prime factors of 445419313?
445419313
What are the prime factors of 1081556525?
5, 7, 2027, 3049
What are the prime factors of 24620481?
3, 2735609
What are the prime factors of 41210957?
41210957
What are the prime factors of 38496921?
3, 53, 242119
List the prime factors of 89289638.
2, 691, 64609
What are the prime factors of 1453477185?
3, 5, 43, 751151
What are the prime factors of 1179124181?
8951, 131731
List the prime factors of 79889922.
2, 3, 7, 211349
What are the prime factors of 12120640?
2, 5, 7, 773
What are the prime factors of 39747145?
5, 19, 418391
What are the prime factors of 46541177?
461, 100957
List the prime factors of 68776526.
2, 7, 13, 17, 22229
List the prime factors of 6095076704.
2, 190471147
List the prime factors of 358053449.
13, 27542573
What are the prime factors of 3178717853?
43, 2411, 30661
List the prime factors of 150269.
7, 21467
What are the prime factors of 1647181218?
2, 3, 31, 2473, 3581
List the prime factors of 953778629.
953778629
List the prime factors of 74621319.
3, 24873773
What are the prime factors of 192740243?
192740243
What are the prime factors of 12917951?
103, 167, 751
What are the prime factors of 26541790?
2, 5, 11, 101, 2389
What are the prime factors of 75929887?
11, 6902717
List the prime factors of 73817819.
73, 373, 2711
List the prime factors of 309555165.
3, 5, 20637011
List the prime factors of 774743390.
2, 5, 77474339
List the prime factors of 222861776.
2, 43, 323927
What are the prime factors of 2693946411?
3, 13, 359, 21379
What are the prime factors of 8834522?
2, 43, 2389
List the prime factors of 42028906.
2, 21014453
List the prime factors of 185854813.
97, 1093, 1753
List the prime factors of 738574290.
2, 3, 5, 359, 22859
List the prime factors of 36903932.
2, 13, 709691
List the prime factors of 45120067.
457, 98731
What are the prime factors of 23502522?
2, 3, 3917087
List the prime factors of 1778084617.
37, 48056341
List the prime factors of 860282490.
2, 3, 5, 4691, 6113
What are the prime factors of 571050037?
53, 203293
What are the prime factors of 115526604?
2, 3, 29, 331973
List the prime factors of 7287302012.
2, 2377, 766439
List the prime factors of 48766876.
2, 41, 297359
List the prime factors of 3574174309.
23, 155398883
List the prime factors of 769618133.
769618133
List the prime factors of 2101272.
2, 3, 87553
What are the prime factors of 4697312647?
43, 163, 271, 2473
What 